0. What is the highest common divisor of 6 and c?
3
Suppose 0 = 5*g - 19 - 11. What is the highest common divisor of 24 and g?
6
Let x be 4/18 + 277/9. Suppose 3*w = x + 5. Calculate the greatest common factor of 6 and w.
6
Let j be 24*-5*(-3)/6. Let p be ((-21)/(-2))/((-3)/4). Let g be (-4)/2 - p - 0. What is the greatest common factor of g and j?
12
Suppose -2*i - 2*i = 16, t - 20 = 2*i. Let d = 13 + -11. Suppose 5*r - 195 = -5*u, -60 = -2*r + 2*u + d*u. Calculate the greatest common factor of t and r.
12
Let h(j) = 20*j**2. Let k be h(-1). Suppose -v = -3*v + 4*q + 12, 7 = 3*v + 5*q. What is the greatest common divisor of v and k?
4
Let p be 2662/165 + (-2)/15. Suppose 0*c - p = -4*c. Suppose 1 - 3 = -2*i - 4*t, 0 = -5*i - t + 5. Calculate the greatest common divisor of c and i.
1
Let x be ((-1668)/14)/(-3) - (-4)/14. What is the highest common divisor of 8 and x?
8
Suppose -5*f = -f - 380. Calculate the highest common divisor of 19 and f.
19
Let h = -2 + 2. Suppose h*z + 20 = 4*z. Let d be (-4)/6*6/(-4). Calculate the highest common factor of z and d.
1
Let n = 58 + -57. What is the greatest common factor of 3 and n?
1
Let d be (36/21)/((-2)/(-14)). Calculate the greatest common divisor of d and 96.
12
Let g(v) = -2 + v**2 + v - 6*v + 0 + 5. Let a be g(6). Calculate the highest common factor of a and 6.
3
Suppose -2*i = -2, 6*n - 10*n = i - 13. Calculate the greatest common factor of 6 and n.
3
Suppose -5*v + 2*v + 9 = 0. Let g = 15 - v. Calculate the highest common divisor of g and 36.
12
Let l be ((-1)/(-3))/(1/3). Let v be (l/2)/(1/46). What is the highest common divisor of 115 and v?
23
Suppose 4*n - 51 + 3 = 0. What is the highest common divisor of n and 12?
12
Let j = 123 - 107. Calculate the greatest common factor of j and 208.
16
Let w = -6 + 54. Calculate the greatest common factor of w and 6.
6
Let n(o) = 144*o**2 - 2*o + 1. Let l be n(1). Let z = 242 - l. Calculate the greatest common divisor of 11 and z.
11
Let h be (-12)/8*(-8)/6. Suppose -h*j = 4*k - 10, -4*k - 1 = -5. Suppose -60 = -6*s + j*s. Calculate the highest common factor of 10 and s.
10
Suppose -u + 2 - 1 = 0. Let t be ((-4)/(-8))/(u/4). Suppose -5*x + t*x - 6 = 0, 2*x + 1 = -3*l. What is the greatest common divisor of l and 3?
1
Suppose 2*j - j = -3. Let u(m) = -3*m**3 - m**2 - 2. Let x be u(j). Calculate the greatest common factor of 14 and x.
14
Let y(d) = d + 13. Let n be y(7). Calculate the greatest common divisor of 20 and n.
20
Let g = -2 + 50. Suppose 46 - 19 = 3*h + 3*r, 0 = 5*h - 5*r - 15. What is the greatest common factor of h and g?
6
Suppose -3*q = 12 - 6. Suppose 3*v - 4*v = 4. Let p be q/v - 76/(-8). What is the highest common divisor of 80 and p?
10
Let y(f) = -4*f + 88. Let v be y(0). What is the greatest common factor of v and 8?
8
Let h = 9 + -4. Suppose 5*z = y + 2*y + 43, -z = h*y - 31. Calculate the greatest common divisor of z and 66.
11
Let h = -11 - -26. Let f = h + 0. Let j = f + -9. Calculate the greatest common factor of 42 and j.
6
Let n(a) be the third derivative of a**5/20 + a**4/24 - 2*a**3/3 + 2*a**2. Let f be n(4). Calculate the greatest common factor of 32 and f.
16
Let f = -10 - -25. Calculate the highest common divisor of f and 15.
15
Suppose 2*f + 12 = 6*f. Suppose f = 2*l - 21. What is the greatest common divisor of l and 8?
4
Suppose 3*h - 30 - 6 = 0. What is the greatest common divisor of h and 48?
12
Suppose -4*s = -l - 167, 2*l - 17 - 69 = -2*s. Calculate the highest common factor of s and 6.
6
Let i(m) = -7*m**2 + 3. Let t(x) = -x**2 - 1. Let z(o) = -i(o) + 2*t(o). Let g be z(6). What is the greatest common divisor of g and 25?
25
Let p(f) = -2*f + 4. Let v be p(-9). Calculate the highest common divisor of v and 55.
11
Let k be (10 - 3) + 0/(-2). Let m(s) = s**2 + 4*s - 5. Let p be m(-6). What is the highest common factor of k and p?
7
Let i(y) = 3*y**2 + y - 2. Let h be i(-2). What is the highest common factor of 20 and h?
4
Let a(c) = 12*c**2 - c + 7. Let m be ((-12)/4)/((-2)/2). Let t be a(m). Calculate the highest common divisor of 14 and t.
14
Let b(i) = -9*i + 3. Let n be b(-3). Let x(z) = -z**3 - 5*z**2 - 4*z - 5. Let p be x(-5). What is the greatest common factor of p and n?
15
Let p be (4/(-3))/2*-3. Let k be ((-1)/2)/(p/8). Let y be 1/(((-6)/69)/k). What is the greatest common factor of y and 207?
23
Let k be 1/(-2)*-8 - -1. Suppose -4 = -3*i - 3*q + k, -1 = -i - 2*q. Calculate the highest common factor of i and 25.
5
Let l(z) be the second derivative of 0 + 1/2*z**3 + 2*z**2 - 1/20*z**5 - 3*z - 1/6*z**4. Let q be l(-4). What is the highest common divisor of 8 and q?
8
Let i be (-2)/(-8) + (-17)/4. Let h be (i/(-6))/((-4)/(-54)). Let q = 19 + -10. Calculate the highest common factor of q and h.
9
Let j(t) = -t**3 - t**2 + 5*t - 7. Let d be j(-6). Calculate the highest common factor of d and 13.
13
Let l(k) = 2*k**2 - 4*k - 4. Let z be l(3). What is the greatest common factor of z and 2?
2
Let y(u) = -3*u + 44. Let q be y(13). Calculate the greatest common divisor of 35 and q.
5
Suppose -5*a - 5*y - 15 = 0, 0 = 4*a - 3*y + 6*y + 8. What is the greatest common divisor of 4 and a?
1
Suppose m - 10 = -3*l, -4*m = -l - m. Let i(q) = -q**3 + 4*q**2 + 7*q - 4. Let r be i(5). Calculate the highest common divisor of r and l.
3
Suppose 2*z = -4*g - 4 + 16, -4*g = 5*z. Suppose g*h + 76 = 3*l + 3*h, -5*h - 34 = -l. Calculate the greatest common divisor of l and 60.
12
Let d = 11 - -7. What is the greatest common factor of 27 and d?
9
Suppose -3*u + 6 + 6 = 0. Let y(r) = -3 + 2*r - r - u*r. Let s be y(-7). What is the highest common factor of 54 and s?
18
Suppose 5*q - 5*k - 100 = 0, -2*q + k + 37 = -0*q. Suppose -5*n - q + 87 = 0. Calculate the highest common divisor of n and 56.
14
Let h be 1/(5/2 - 2). Let v(n) = 3*n**h + 3*n**2 + 0*n**2 - 5*n**2 + 3. Let a be v(0). What is the highest common factor of 3 and a?
3
Let c be 2 - (2 + 0) - -2. Let u(g) = -17*g + 17*g + 15*g**2. Let y be u(c). Calculate the greatest common divisor of 15 and y.
15
Let m = -2 + 2. Suppose 5*x - x - 36 = m. Let j = -5 + x. What is the highest common factor of j and 1?
1
Suppose 3*p + 2*f - 6 - 69 = 0, 2*p = 4*f + 50. Let g = 35 - p. Calculate the highest common divisor of g and 70.
10
Let j be 3/4 - (-5)/4. Let c = 7 - j. Let d be c*((-3)/(-1) + 8). What is the highest common factor of 11 and d?
11
Suppose -3*k + 144 = -0*k. Calculate the greatest common factor of 120 and k.
24
Suppose s + 5 = 3*t + 3, 0 = -t - s + 2. What is the highest common factor of t and 2?
1
Let a = 1 + 2. Let u be 54/4 - a/6. Let t = 131 + -66. Calculate the highest common factor of t and u.
13
Let s be 2/(-4)*(-1 - 79). Suppose 0 = 2*l - 3*l + s. What is the greatest common divisor of 8 and l?
8
Let h = -14 - -53. Suppose 3*g - 72 = -g - 4*c, -5*g = -2*c - 55. What is the highest common factor of g and h?
13
Let f(l) = 106*l - 1. Let w be f(1). Let t(s) = -s**3 - 11*s**2 + 10*s - 9. Let k be t(-12). Calculate the greatest common divisor of k and w.
15
Suppose -2*p - 15 + 93 = 4*y, 3*y = -4*p + 171. What is the greatest common divisor of p and 9?
9
Let n(d) = 5*d**2 + 2*d - 12. Let j be n(-4). What is the greatest common factor of 12 and j?
12
Suppose -5*l + 56 = -3*l. Suppose 0*z = 4*z + 5*j - 15, 4*j - 1 = -z. Suppose 49 = z*y + 14. What is the highest common factor of y and l?
7
Suppose -4 = -2*y - 3*i + 15, 2*y - 11 = 5*i. What is the highest common divisor of y and 56?
8
Suppose -2*k - 40 = -392. Let i = -36 + 52. Calculate the greatest common factor of k and i.
16
Suppose 3*k = -17 - 7. Let y be k/(-1)*(-4)/(-8). Let s = 56 - 36. Calculate the greatest common factor of y and s.
4
Let l(o) = 8*o**2 + 13*o**2 - 4*o**2 - 3*o**2. Let h be l(-1). Let j be 124/14 + 2/h. Calculate the highest common factor of 9 and j.
9
Let f(h) = h**3 - 7*h**2 - 8*h - 13. Let u be 42/4 + (-33)/22. Let d be f(u). What is the greatest common divisor of d and 11?
11
Let n(m) = m**3 - 4*m**2 - 4*m + 4. Let j be n(5). Let g = j + -3. Calculate the highest common factor of g and 3.
3
Let j be 2/(-6)*(-6)/1. Let x be 1 + (188 - (0 + j)). Calculate the highest common factor of 17 and x.
17
Suppose -4*a = -9 - 7, 3*a - 92 = -2*z. What is the greatest common factor of z and 320?
40
Let a be (-1